- 1. Determine i(p).
5
Let k(o) = 9*o**2 - 2*o - 1. Suppose 4*p + 12 = 4*u, -3*p = -7*u + 2*u + 7. Give k(u).
10
Let j(k) = 3*k**2 - k + 8. Let f(x) = x**2 + 3. Let d(o) = 17*f(o) - 6*j(o). Determine d(6).
3
Let q(i) be the third derivative of i**5/120 + i**4/4 + i**3/2 + 2*i**2. Let x(t) be the first derivative of q(t). Let s = -8 - -5. Determine x(s).
3
Let p(y) = y**2 - 6*y + 5. Let i(k) = k**2 - 3*k + 2. Let r(v) = 7*i(v) - 3*p(v). Let j(f) = -3*f**2 + 4*f. Let w(s) = 3*j(s) + 2*r(s). Give w(4).
6
Suppose 3*f - 10 = 2. Suppose 0 = -f*n + 3*r + 17, 5*r + 13 = 2*n + 2*r. Let z(d) be the second derivative of d**4/6 - d**3/2 + 3*d**2/2 - 2*d. Give z(n).
5
Let w(h) = -9 - 3*h - h**2 + 3*h + 3. What is w(0)?
-6
Let f be 0*((-9)/6)/3. Let m(k) = -4*k**3 + k**2 - 5*k - 5. Let u(p) = -3*p**3 + p**2 - 4*p - 5. Let g(i) = -4*m(i) + 5*u(i). Calculate g(f).
-5
Suppose 2*r - 3*b - 14 = -5*b, 2*r - 4*b + 10 = 0. Suppose 5 = -l - d + r, -2*l - d - 6 = 0. Let m(u) = -u**2 - 5*u - 2. What is m(l)?
2
Let g be (-4 - (-2 - 6)) + -3. Let o(k) = -14*k**3 + k**2 - k + 1. What is o(g)?
-13
Let z(t) = t**2 - t. Let f(m) = -4*m**2 + 4*m. Let c(s) = -2*f(s) - 7*z(s). Let q be c(0). Let y(v) = -v**3 - v**2 + 4. Give y(q).
4
Suppose 6*g = 2*g + 16. Let r(t) = 0 - 4 - 2*t - 1 + g. Give r(2).
-5
Let g(r) = -r + 9. Suppose -4 = 2*m - 4*u - 0, 0 = 2*m - u + 1. Determine g(m).
9
Suppose n - 2*j - 3 = 8, j + 10 = 5*n. Let h be ((-4)/(-1))/(-3 + n). Let s(q) = 4*q + 1. Determine s(h).
-7
Let x(y) = -y**3 + 5*y**2 + 4*y + 5. Let w be x(6). Let a be (-40)/28 - 3/w. Let d(c) = -2*c**3 - 2*c**2 - c. Calculate d(a).
1
Suppose 2*h + 17 - 53 = 4*g, 38 = -5*g - h. Let j(o) be the third derivative of -o**6/120 - 7*o**5/60 + 7*o**4/24 - 5*o**3/3 + 2*o**2. Calculate j(g).
-2
Let i(q) be the first derivative of 3 + q - 3/2*q**2. Determine i(-2).
7
Let z(i) = i**3 - i**2 + i. Let k(w) = -6*w**3 + 10*w**2 + w - 8. Let t(o) = -k(o) - 5*z(o). What is t(6)?
8
Let v(k) be the third derivative of k**6/120 + k**5/10 + k**4/24 + 4*k**3/3 + 8*k**2. Give v(-6).
2
Let c(d) = d**2 - 6 + 3*d + 3 - 2*d**2 + 2 - d**3. Determine c(2).
-7
Let q(x) = x**3 - x**2 - x + 2. Let c be q(0). Let w(z) = -5*z + 1. Give w(c).
-9
Let w(f) = f**3 + 12*f**2 + 13*f + 16. Let h be w(-11). Let z(l) = -l**2 - 6*l - 6. What is z(h)?
-6
Let v(j) = -j**3 - 5*j**2 + j + 6. Suppose -3*y - 59 = 4*u, -3*u + 1 - 41 = -2*y. Let c = u + 9. Determine v(c).
1
Let y(x) be the third derivative of -x**6/60 - x**5/10 + 7*x**4/24 + 2*x**3/3 + 4*x**2. Let h(k) = -k**2 + k + 1. Let p(a) = -3*h(a) + y(a). Give p(-3).
16
Suppose -24*q = -25*q - 4. Let m(p) = 6*p**2 + 5*p - 3*p**3 - p**3 - 4 + 5*p**3. Determine m(q).
8
Let z(m) = m**2 + 2*m. Let h(p) = -4*p**3 - 1 + 0*p**3 + 3*p + 3*p**3 - 4*p. Let c be h(0). Determine z(c).
-1
Let j(g) be the second derivative of -g**3/2 - 3*g**2/2 - 9*g. Give j(-2).
3
Let c(a) = -3*a - 6. Let z(b) be the first derivative of b**3/3 - 3*b**2 - 5*b - 8. Let i be z(6). What is c(i)?
9
Suppose 2*b = -11*b + 78. Let w(r) be the second derivative of -r**4/12 + 4*r**3/3 - 4*r**2 - r. Determine w(b).
4
Let p(d) = d**3 + d**2 - d + 6. Let h be p(0). Let s(y) = 4*y**3 + y**2 + 4*y + 8. Let t(l) = 5*l**3 + 5*l + 8. Let a(q) = -6*s(q) + 5*t(q). Determine a(h).
-2
Let q(a) = -a**3 - 7*a**2 - 4*a - 3. Let c(f) = -2*f**3 - 15*f**2 - 8*f - 6. Let y(u) = 3*c(u) - 7*q(u). Give y(-3).
0
Let p(g) = g**3 - 2*g**2 + 2*g - 1. Let b be (-8)/(-20) - (-6)/10. Give p(b).
0
Suppose a - 10 = 4*k, -5*a = -2*k - 3*k - 5. Let o = k - -5. Let p(j) = -4 - j + 1 - 3*j + 1. What is p(o)?
-10
Let c(j) = -2*j**3 - 7*j**2 + 2*j - 4. Let o(k) = 3*k**3 + 8*k**2 - 2*k + 5. Let q(t) = -4*c(t) - 3*o(t). Determine q(2).
5
Suppose 0 = c - 2*o + 13, c + 3*o = -3*c - 30. Suppose 2*l + 10 = 0, 0 = -w - w + 3*l + 41. Let f = c + w. Let z(k) = -k - 4. Give z(f).
-8
Suppose 0 = 5*c - c - 20. Suppose 2*u = -5*g + 10, -g + 0 = -2*u - 2. Let m(q) = 8*q - 2*q + 4 - 2*q**g + q**2. Give m(c).
9
Let r(p) = p. Let m = 11 - 6. Let i = 1 - m. Let g be r(i). Let w(v) = 2*v + 4. What is w(g)?
-4
Suppose 2*v + 5*q + 29 = -0*v, -5*q - 35 = 5*v. Let o(k) = -100*k**3 - 2*k - 4*k**2 - 101*k**3 + 200*k**3 - 3. Determine o(v).
-7
Let w(m) = -5*m**3 + 2*m**2 + 2. Let p(g) = 14*g**3 - 5*g**2 - 6. Let n(o) = -6*p(o) - 17*w(o). What is n(3)?
-7
Let g(s) = 2*s + 5. Let a(v) = -2*v - 6. Let d(b) = 5*a(b) + 6*g(b). Determine d(5).
10
Let v(o) = -2*o**2 - 7*o - 5. Let q(p) = -p**2 - 7*p - 5. Let s(m) = -3*q(m) + 2*v(m). Calculate s(7).
5
Let i(y) = -y**3 - y. Let m be i(-1). Let j(w) = 77*w**m + w - 2*w - 82*w**2. Suppose -2*r = 6 + 2, -k + 21 = -5*r. What is j(k)?
-6
Let q = -121 + 124. Let k(t) = -t**3 - t**2 + 4*t - 1. Calculate k(q).
-25
Let n(t) = 1. Let u(o) = 5*o**3 + o**2 + 4*o - 11. Let z(c) = 6*n(c) + u(c). Let q(x) = -6*x**3 - x**2 - 5*x + 4. Let v(f) = -4*q(f) - 5*z(f). Calculate v(0).
9
Suppose 0*n = -3*n + 12. Let h(c) = 2*c - 1. Let j(k) = 2*k - 1. Let l(a) = 5*h(a) - 4*j(a). Give l(n).
7
Let h(v) = v**3 - 5*v**2 + 4*v + 6. Let n be h(4). Let k(u) = 4*u - 13. Let g(a) = a. Let w(s) = 3*g(s) - k(s). Calculate w(n).
7
Let k(x) = 7*x + 1. Suppose -8*i = -11*i - 3. Calculate k(i).
-6
Suppose -5*m + 4*l - 5*l = -34, l - 28 = -4*m. Let z(r) = -r + 6. Let t be z(m). Let w be (-3)/6*t*-1. Let p(d) = -d**2. What is p(w)?
0
Let z(n) = 4*n**2 + 4*n + 4. Let y(x) = -5*x**2 - 3*x - 3. Let v(p) = -3*y(p) - 4*z(p). What is v(-6)?
-1
Let a(y) be the third derivative of -y**4/12 + y**3/6 - 7*y**2. Calculate a(-6).
13
Let r(o) = 17*o + 5. Let v(d) = -8*d - 2. Let w(f) = 2*r(f) + 5*v(f). What is w(-2)?
12
Let s(u) = 3*u**2 - u. Suppose -4*d + 2*d + 12 = 0. Let a be d/(-15) + (-14)/(-10). What is s(a)?
2
Let o(y) = y + 10. Let q(k) = 9 + 15 - 7 + k - 6. Let w(p) = 4*o(p) - 3*q(p). Give w(-5).
2
Let l(g) = -g**2 - 6*g - 1. Suppose -3*t - 31 = 2*h + 7, -5*t - 66 = 4*h. Let r = -16 - t. Determine l(r).
-1
Let p = 3 + 2. Let z(y) be the third derivative of y**5/60 - 5*y**4/24 - y**3/2 + 2*y**2 - 19*y. Give z(p).
-3
Suppose 4*u = 27 - 7. Let n(p) = 13*p - p - 10*p - 8*p + p**2 + 3. Determine n(u).
-2
Let r(q) = -q**3 + 6*q**2 - 7*q + 4. Let n(g) = 14 + 2 - 4*g**2 + 12*g + 5*g**2. Let m be n(-11). Determine r(m).
-6
Let w(s) = -s**3 + 6*s**2 - 6*s - 5. Let x = -34 - -51. Let z = x + -12. What is w(z)?
-10
Let r(h) = 2 + 5*h - 3*h + 4*h. Give r(2).
14
Let g(k) be the second derivative of -k**5/20 - 5*k**4/6 + k**3/6 + 3*k**2/2 + k. Let h be g(-10). Let s(x) = x**2 + 7*x + 5. Calculate s(h).
5
Let c(t) = -t**3 + 6*t**2 + 3. Let s(r) = r**2 - 9*r - 4. Let k be s(10). Let j be c(k). Let h(y) = -y**2 + 6*y - 3. Give h(j).
6
Let j(q) = -q**3 + 4*q**2 + 7*q - 6. Let i(v) = -v - 3. Suppose 3*m - 2*l + 32 = 0, -11 + 31 = -2*m + l. Let h be i(m). Determine j(h).
4
Suppose -6*t + 10*t = 16. Let o(j) = 3*j - 6. Give o(t).
6
Let d(s) = -4 - s**2 + 1 + 2*s**2. Let w(k) = -8. Let m(z) = z + 23. Let b(h) = 2*m(h) + 7*w(h). Let j be b(5). Give d(j).
-3
Let l(g) = -g - 1. Let q be l(3). Let w(k) = k**3 + 4*k**2 - 4. Determine w(q).
-4
Let o(x) = -6*x**2 + x. Let s(y) = y - 4. Let z be (-15)/(1*-3) + -2. Let i be s(z). Let j = i + 2. Determine o(j).
-5
Suppose -6 = -4*s + 2. Suppose -s*m + 7*m = 20. Let y(f) = f + f - 1 + m*f. Give y(-1).
-7
Let d(a) = 3*a**3 - 2*a**2 + 1. Let p(q) = q**2 + 14*q + 12. Let o be p(-12). Let t = 11 + o. Calculate d(t).
-4
Let l(f) = -f + 1 - 7*f**2 + 3*f - 3*f - 14*f**2. Give l(1).
-21
Let n(m) = 6*m. Let k be 513/99 - 2/11. Suppose -2*r - 17 = -k*t, -3*t + 6 = -t. Calculate n(r).
-6
Let g(t) = 40*t**3 + 7 - 21*t**3 - 6*t**2 - 18*t**3. What is g(5)?
-18
Let x(g) = -3*g - 1. Let y(d) = 2*d + 1. Let m(k) = 3*x(k) + 4*y(k). Suppose 0 = 3*h - 3 - 3. Calculate m(h).
-1
Let l be ((-100)/6)/(14/(-21)). Let y = 22 + 4. Let g(i) = -i**2 - 2*i**2 - l*i + y*i. Give g(1).
-2
Let o be 1/(-4) - (-9)/4. Suppose 8 = -o*k - 2. Let i(j) = j**3 + 4*j**2 - 7*j - 7. What is i(k)?
3
Let w(v) be the third derivative of -v**4/12 + v**3/6 - v**2. Let c(f) = f**2 - 1. Let r be c(-2). Let k = 1 + r. Determine w(k).
-7
Let h(r) = 2*r + 9. Let u be 1/6 + 406/12. Suppose 0*v + 2*v - 20 = 0. Suppose -u = 4*m - v. Give h(m).
-3
Let m(b) = -b**2 + 4*b - 1 - 6*b - b. Calculate m(-5).
-11
Let n(r) = r**2 + 8*r + 9.